of 1/3*p**3 - 5*p - 3/2*p**2 - 3. Calculate the remainder when z(7) is divided by 12.
11
Let w be 4/(-2 + 18/8). Let v be (-1)/((-1)/1*1). Let a = w - v. Calculate the remainder when 29 is divided by a.
14
Let h(m) = -m + 6. Let x be h(4). Suppose n - 29 = c + x*c, -28 = -n + 4*c. Suppose a + 3*a = n. What is the remainder when 23 is divided by a?
7
Let o(v) be the second derivative of v**4/12 + v**3/3 + 33*v**2/2 + 7*v. Calculate the remainder when 98 is divided by o(0).
32
Suppose 18 - 4 = 2*l. Let v(h) be the first derivative of h**2 + 8*h - 3. What is the remainder when v(l) is divided by 8?
6
Let u(g) = 3*g - 4. What is the remainder when u(5) is divided by 7?
4
Suppose -4*i + 14 + 18 = 0. Suppose 0 = 4*w - 3*x - 84 + 21, -i = w + 4*x. Suppose -143 = -4*j - 3. What is the remainder when j is divided by w?
11
Let p = -8 - 6. Let j be (-2 - 0)*(-21)/(-6). Calculate the remainder when (-47)/j - p/49 is divided by 3.
1
Let i = -73 + 98. Calculate the remainder when i is divided by 9.
7
Let n(r) = -5*r + 8. Calculate the remainder when 109 is divided by n(-4).
25
Let y = -10 + 14. Suppose 4*m = -v + 125, 3*v - 8 = -y*m + 111. Suppose -h - n = -6, -h + 3*n + m = h. Calculate the remainder when h is divided by 3.
1
Let o be (-4)/6 + 2/3. Calculate the remainder when 71 is divided by -24*1*(-1 + o).
23
Suppose 0 = 2*p - 5*r + 4, 5*p + 2*r + 6 = -4. Calculate the remainder when -4*((-4 - p) + 1) is divided by 2.
0
Let m(a) = -a**3 - 11*a**2 - 3*a - 12. Suppose -5*y - 86 + 31 = 0. What is the remainder when 40 is divided by m(y)?
19
Let d(m) = 6*m - 12. Calculate the remainder when d(3) is divided by 5.
1
Suppose 2*w - 385 = -3*w. What is the remainder when w is divided by 26?
25
Let c = 76 - 52. Calculate the remainder when 69 is divided by c.
21
Suppose -h - 41 = -4*q, 28 = 2*q - 2*h - 0*h. Suppose -6 = -2*j + 6. Let c = 22 - j. Calculate the remainder when c is divided by q.
7
Suppose 80 = 6*t - t. What is the remainder when 95 is divided by t?
15
Suppose 4*p - 3*o = 5*p - 176, 4*p - 668 = -3*o. What is the remainder when p is divided by 56?
52
Suppose 10 = 2*n + 2*l - 4, -n - 3*l = -9. Suppose -3*j + 7*j = -3*s + 39, -3*s = 2*j - 45. Calculate the remainder when s is divided by n.
5
Suppose -2*o = 8 - 36. Calculate the remainder when o is divided by 4.
2
Let a = -141 + 191. What is the remainder when a is divided by 28?
22
Let p(u) = u**2 + 3*u + 6. Calculate the remainder when p(-2) is divided by 3.
1
Let x(o) = -o - 3. Suppose -3*h = 15 + 6. What is the remainder when x(h) is divided by 2?
0
Let o = 24 - 5. Suppose -8*m = -4*m + 44. Let k = 18 + m. What is the remainder when o is divided by k?
5
Let i = -5 + 3. Let r be i/(-8) - (-222)/8. Calculate the remainder when (-8)/r + 198/7 is divided by 10.
8
Suppose 0 = 4*o - 24 + 12. Calculate the remainder when 13 is divided by o.
1
Calculate the remainder when 43 is divided by 6/4 - 162/(-12).
13
Suppose -11*r + 52 = -10*r. Suppose -4*u - 3*m = -57, 4*u - m = -2*m + 67. What is the remainder when r is divided by u?
16
Let d(n) be the first derivative of -n**4/2 + 5*n**2/2 + 2*n + 1. Calculate the remainder when d(-3) is divided by 21.
20
Let p = 94 + -54. What is the remainder when p is divided by 4/(-6) - (-1495)/69?
19
Suppose -y = d + 1, 2*d - 16 = -3*d + 2*y. Suppose -4*v + d*w + 46 = -0*w, -5*w = v - 17. What is the remainder when 35 is divided by v?
11
Let b(q) = -2*q**2 + 0*q**2 + q**2 - 8*q + 0*q**2 - 1. What is the remainder when 20 is divided by b(-6)?
9
Let n = -17 - -23. Calculate the remainder when 57 is divided by n.
3
Let m(h) = -6*h. Calculate the remainder when 2/(4/2) - -34 is divided by m(-2).
11
Suppose -4*b = -12, -26 = -3*n - 5*b + 154. What is the remainder when 218 is divided by n?
53
Suppose 2*l + 35 = 5*d, 0 = -6*l + 3*l + 15. Suppose 5 = o - 21. Calculate the remainder when o is divided by d.
8
Suppose -4*u + 3 + 53 = 0. Suppose h = -h + u. What is the remainder when h is divided by 3?
1
Let h(j) be the first derivative of -j**4/4 - 5*j**3/3 + 5*j**2/2 + 6*j - 1. Calculate the remainder when 35 is divided by h(-6).
11
Suppose -2*m = 5*g + 80, -g + 5*g + 66 = -2*m. Let q = 38 - 62. Let x = g - q. What is the remainder when x is divided by 4?
2
Let x(t) = -9*t + 102. Calculate the remainder when x(0) is divided by (0 - 1 - -29) + -2.
24
Suppose 4*p + 4 + 0 = 0, 4*n + 2*p - 38 = 0. Let h(z) = z - 12. Let k be h(9). Calculate the remainder when 1*28*(-2 - k) is divided by n.
8
Let r(l) = -l**3 - 11*l**2 - l - 9. Let f be r(-11). Suppose g = -f*x + 25, 8*g = 3*g - 3*x + 104. What is the remainder when g is divided by 11?
8
Suppose a - 19 = n, a + 13 = 3*a + 3*n. What is the remainder when a is divided by 4?
2
Let v(k) = -k**3 + 4*k**2 + k - 7. Suppose 2*o - 12 = -2*o - 4*i, -3*o + 5 = 2*i. What is the remainder when v(3) is divided by 3*(o - (0 + -2))?
2
Suppose -53 - 2 = 5*q. Suppose -k - 3*k = -76. What is the remainder when k is divided by (0 - 1) + q/(-1)?
9
Suppose -5*o - 8 = a, -6 = -a - 2*o - 2. Calculate the remainder when 22 is divided by a.
10
Let s = 8 - -1. Suppose -20 = -f + 5. What is the remainder when f is divided by s?
7
Let j be 1/(-2) + 1/2. Calculate the remainder when 46 is divided by j + (45/3 - -1).
14
Let f = -18 - -15. Calculate the remainder when 40 is divided by 17 + 6/f + -1.
12
Suppose 3*l = 3*w - 336, -l - 362 = -4*w + 83. Suppose 4*s - w = s. Calculate the remainder when s is divided by 13.
11
Let q = 20 + -3. What is the remainder when (-465)/(-10)*(-2)/(-3) is divided by q?
14
Let z = 11 + -2. Let d(q) = 7*q**2 - q. Calculate the remainder when z is divided by d(1).
3
Let v be ((-6)/(-10))/((-2)/(-10)). Suppose -5*k + v*r + 0*r = -178, -k - 4*r + 54 = 0. Let x(a) = -5*a - 5. What is the remainder when k is divided by x(-3)?
8
Suppose 2*v = -18 + 186. Calculate the remainder when v is divided by 24.
12
Suppose 0*a = -5*a + 50. Calculate the remainder when 17 is divided by a - 1*(-1 - -2).
8
Let s(y) = y**2 - 7*y - 5. What is the remainder when s(8) is divided by 1?
0
Suppose -4*q + 15 + 9 = 0. Calculate the remainder when 22 is divided by q.
4
Suppose -4*a = g - 27, -10 = g + g. Let f = a + -6. What is the remainder when 2 is divided by f?
0
Let h(v) = 21*v + 1. Let z be h(1). Let x = 16 + z. What is the remainder when x is divided by 8?
6
Let h(z) = -z**3 - 10*z**2 - 5*z - 9. Suppose 0*r + 3*r = -27. Let l be 45/6*12/r. What is the remainder when h(l) is divided by 11?
8
Suppose 39*n = 40*n - 35. What is the remainder when n is divided by 6?
5
Let z = 41 - 31. Suppose 2*b - b - 1 = 0. What is the remainder when z is divided by 0 + b*-2 - -8?
4
Let b(l) = -l**2 + 6*l + 4. Let v be b(5). Calculate the remainder when (-4)/18 - (-263)/v is divided by 10.
9
Suppose -4*m + 79 + 69 = 0. What is the remainder when m is divided by 10?
7
Let c(h) = 7*h + 2. Let p(w) = w - 1. Let b(q) = -c(q) + 6*p(q). Suppose 4*o = -2*s - 46, s - 2 = 5*o + 38. Calculate the remainder when 3 is divided by b(o).
0
Suppose -r + 6*r - 310 = 0. What is the remainder when r is divided by 16?
14
Let w be (-2)/(-5) + (-2)/5. Suppose w = 3*v - 4*v + 32. Suppose -5*h + 121 - 36 = 0. What is the remainder when v is divided by h?
15
Suppose -258 + 34 = -7*m. What is the remainder when 158 is divided by m?
30
Let d be (0 + 164/4)*1. Let p = d + -9. What is the remainder when 125 is divided by p?
29
Let g(x) = -2*x + 6. Let a = 50 - 36. Suppose 7 - a = t. What is the remainder when g(t) is divided by 11?
9
Let c = 0 - -6. Let b(i) = 11*i**2 - 2*i + 1. Calculate the remainder when b(1) is divided by c.
4
Let v be ((-4)/(-16))/(1/8). Calculate the remainder when 86 is divided by v + 20*1*1.
20
Let g(j) = -j**2 + 10*j - 8. Calculate the remainder when g(6) is divided by 9.
7
Calculate the remainder when ((-126)/(-14))/((-3)/(-38)) is divided by 39.
36
Let s = -78 + 91. What is the remainder when 24 is divided by s?
11
Suppose 2*s = 4*y, 2*y - 4 = s - 2*y. What is the remainder when s is divided by 3?
1
Let m = 40 + -15. Calculate the remainder when 49 is divided by m.
24
Let a = 12 - 21. What is the remainder when (-27)/(-4) + a/12 is divided by 4?
2
Let l(y) = 12*y**2 - 2*y - 1. Let b be (170/(-15))/(2/6). Let m = b - -59. What is the remainder when m is divided by l(-1)?
12
Let 